011111010 - -12?
21010112011111022
In base 6, what is 30220 - 213034?
-142414
In base 16, what is -5 + -2c9aa9?
-2c9aae
In base 6, what is 32543314 - 3?
32543311
In base 13, what is 14ac5c3 + -14?
14ac5ac
In base 14, what is -cad - -5b8?
-6d5
In base 12, what is 13 - -2326071?
2326084
In base 11, what is 460 + -a136a?
-a0a0a
In base 7, what is 1200 + -126324?
-125124
In base 9, what is -18718414 - -4?
-18718410
In base 16, what is 9ee - -d?
9fb
In base 15, what is -8e21a - 37e?
-8e599
In base 11, what is -70869 + -74?
-70932
In base 5, what is 1 + 1104012423?
1104012424
In base 6, what is -10244 + 125400?
115112
In base 10, what is 9228 - 246?
8982
In base 14, what is -320501 + -39?
-32053a
In base 16, what is -222 + 1ff6?
1dd4
In base 5, what is -4 + -1433202023?
-1433202032
In base 16, what is -62d221 - 0?
-62d221
In base 6, what is 33 + 131322?
131355
In base 11, what is 73a2a + 7?
73a36
In base 11, what is 130 - -69406?
69536
In base 6, what is 13542335 - 251?
13542044
In base 14, what is -1c2bd253 - -5?
-1c2bd24c
In base 12, what is -156 + 207a?
1b24
In base 16, what is -104d5a2 + -38?
-104d5da
In base 14, what is -4b329c2 + -1?
-4b329c3
In base 12, what is 0 - 4729675?
-4729675
In base 13, what is -46566171 + 3?
-4656616b
In base 2, what is -1110011101 + 100100010010011?
100010011110110
In base 8, what is -571 - -73025?
72234
In base 4, what is -2021120 + 10223321?
2202201
In base 14, what is 18b3466 + 0?
18b3466
In base 3, what is -2202 - -220222021010?
220222011101
In base 3, what is -111112110 + 110221?
-111001112
In base 10, what is 1547 + 38172?
39719
In base 13, what is -b88339 + 2?
-b88337
In base 14, what is -15 - 520350?
-520365
In base 16, what is 4 + -7f6fd3?
-7f6fcf
In base 6, what is -24041 + -34102?
-102143
In base 9, what is -3587707 + 18?
-3587678
In base 3, what is -222011101 - -20222101?
-201012000
In base 13, what is -464a1 + -776?
-46c47
In base 13, what is 6b - -319c5?
31a63
In base 13, what is 11 + -5a349a2?
-5a34991
In base 3, what is -10 - -102211012200211?
102211012200201
In base 14, what is d688d8d - -5?
d688d94
In base 2, what is 1001110100100100101001100 + 101?
1001110100100100101010001
In base 16, what is -b8c97c - -3?
-b8c979
In base 4, what is 2021132 + 10030110?
12111302
In base 7, what is -40212 + -14526?
-55041
In base 8, what is -674121 + 23?
-674076
In base 3, what is -2010 + 2100221221?
2100212211
In base 5, what is 1131442114 + 12?
1131442131
In base 5, what is 431 - -3002112?
3003043
In base 3, what is 10 + -12022002102012210?
-12022002102012200
In base 12, what is 5936b + 5a?
59409
In base 11, what is -221254 + 52?
-221202
In base 8, what is 5 - -3571461?
3571466
In base 7, what is -23316512 - -13?
-23316466
In base 5, what is -21020241 - 101004?
-21121300
In base 6, what is -2 - 403333024?
-403333030
In base 6, what is -134420523 - -25?
-134420454
In base 11, what is 149a + 9381?
a870
In base 4, what is 2333 + -11010101?
-11001102
In base 2, what is -1011100 + -1001101111110101001110?
-1001101111110110101010
In base 5, what is -334 - -132140?
131301
In base 2, what is 101 - -111101011000000101111?
111101011000000110100
In base 7, what is -5466221 + -2003?
-5501224
In base 9, what is -2 - -551743581?
551743578
In base 16, what is 3cd1 + 464e?
831f
In base 13, what is -2380a1a + 5?
-2380a15
In base 16, what is -c70 + -137a?
-1fea
In base 13, what is -3 + c60bc6?
c60bc3
In base 4, what is -31012 - -230131?
133113
In base 16, what is -6c5 - -128b?
bc6
In base 11, what is 2 + -3899255?
-3899253
In base 6, what is 5 - 1520102244?
-1520102235
In base 10, what is -892 + -17460?
-18352
In base 8, what is 10436555700 - -5?
10436555705
In base 13, what is 184059 + -2?
184057
In base 16, what is -5a43 + -6b7?
-60fa
In base 15, what is 14cd3 + -2e?
14ca4
In base 6, what is -121 - -1354232?
1354111
In base 9, what is -4444 + -4555?
-10110
In base 3, what is 102211000201020 - 10?
102211000201010
In base 5, what is 3 - 124014213?
-124014210
In base 8, what is 3 + 41104420?
41104423
In base 6, what is 3 + -35350054?
-35350051
In base 2, what is -10001000101110111000111 + 1111?
-10001000101110110111000
In base 2, what is 1000010110001110010010101011 - 1?
1000010110001110010010101010
In base 12, what is -3b39516 + 7?
-3b3950b
In base 8, what is 22104 + -22116?
-12
In base 14, what is -507847 + -25?
-50786c
In base 6, what is 0 - -210155511?
210155511
In base 4, what is 2123 - -213222221?
213231010
In base 5, what is -1342412344142 - -4?
-1342412344133
In base 4, what is -32122 + 1011132210?
1011100022
In base 3, what is -11 - -1221212022112012?
1221212022112001
In base 15, what is b + 5ae4c?
5ae58
In base 6, what is 5 + -13203223?
-13203214
In base 16, what is 4 + 152726?
15272a
In base 2, what is -110101100001101101000011 + -1111?
-110101100001101101010010
In base 11, what is -85 - 3a8883?
-3a8958
In base 4, what is 3222 - 20133221?
-20123333
In base 2, what is 101011001100110110001111100 + 10?
101011001100110110001111110
In base 12, what is 2a1883 + -1?
2a1882
In base 2, what is -10 + -1000001010110100010010110?
-1000001010110100010011000
In base 6, what is 2415 - -1015?
3434
In base 2, what is -110010 - -1011001011101010001111?
1011001011101001011101
In base 12, what is -11b0630 + 1?
-11b062b
In base 11, what is 5aa7 + -25a92?
-1aa96
In base 11, what is -276 + -1928672?
-1928938
In base 7, what is 555 - 26115?
-25230
In base 7, what is 242152 - 1413?
240436
In base 16, what is -5a + -79979?
-799d3
In base 9, what is 85143858 - 1?
85143857
In base 6, what is 4 + -450150452?
-450150444
In base 14, what is -395 + -6ba72?
-6c027
In base 10, what is -1519005 + -71?
-1519076
In base 8, what is 14 - 424662?
-424646
In base 6, what is -122451241 + -112?
-122451353
In base 5, what is 3213 - 241021?
-232303
In base 6, what is 1022333 - -1?
1022334
In base 12, what is -24b - 54112?
-54361
In base 11, what is -30815 - 215?
-30a2a
In base 8, what is 16766 + -41?
16725
In base 16, what is -451e9ea + 6?
-451e9e4
In base 4, what is -1011321 - 133201?
-1211122
In base 16, what is -4 + 52f2208?
52f2204
In base 15, what is 869 + 140?
9a9
In base 4, what is 11133 - -13120231?
13132030
In base 11, what is -553a262 + -7a?
-553a331
In base 15, what is -5 - 12c1ec8?
-12c1ecd
In base 8, what is 136 - 166403?
-166245
In base 3, what is 11001102 - -22111002020?
22122010122
In base 16, what is -31dc36c - 1?
-31dc36d
In base 10, what is 99648 + 7359?
107007
In base 8, what is 3566510 + 32?
3566542
In base 16, what is 1a9a - -145bd?
16057
In base 2, what is 10 + 10101011000101101101110001010?
10101011000101101101110001100
In base 7, what is -40 + -436441?
-436511
In base 2, what is 1001110001 - -11001010100001000?
11001011101111001
In base 5, what is -4122 + 1132422?
1123300
In base 2, what is -11011110100 + -110100100011010100?
-110100111111001000
In base 9, what is 1350738 - -36?
1350775
In base 12, what is 17b8a4b - 63?
17b89a8
In base 12, what is 2 + -264a2b8?
-264a2b6
In base 5, what is 213100013 + -1344?
213043114
In base 14, what is 44aa161 + -1?
44aa160
In base 8, what is 2154 + 60213?
62367
In base 2, what is 11 + -11110111111101110111?
-11110111111101110100
In base 10, what is -3 - -10539660?
10539657
In base 4, what is 30331 - 11223101?
-11132110
In base 15, what is 260 + -58a23?
-587b3
In base 2, what is 100 + -11110110001100000?
-11110110001011100
In base 5, what is 214023314 + 114?
214023433
In base 10, what is 5 - -78179818?
78179823
In base 9, what is 288 - 2776?
-2477
In base 3, what is 2020 - 111211010022?
-111211001002
In base 15, what is 128 - -9142?
926a
In base 9, what is -10 - -130688433?
130688423
In base 7, what is -6166 + -1605433?
-1614632
In base 10, what is 697 + -42675?
-41978
In base 4, what is -123101003 + -12101?
-123113110
In base 7, what is -1512514 - 0?
-1512514
In base 14, what is 30b9b02 - -1?
30b9b03
In base 15, what is -50e810 - -11?
-50e7ee
In base 16, what is -5 - 12c18dd?
-12c18e2
In base 10, what is -52386 - -144?
-52242
In base 15, what is -4e3 + -148d?
-1981
In base 10, what is -2228 - -234698?
232470
In base 11, what is -1447137 - 2?
-1447139
In base 13, what is -133 + -1ba04?
-1bb37
In base 7, what is 5 + 162302232?
162302240
In base 4, what is 12 - -23102212201?
23102212213
In base 15, wha